{"id":57,"date":"2019-03-01T10:31:47","date_gmt":"2019-03-01T10:31:47","guid":{"rendered":"http:\/\/valeur-relation-sociale.com\/?page_id=57"},"modified":"2019-04-18T17:20:47","modified_gmt":"2019-04-18T17:20:47","slug":"operationnel","status":"publish","type":"page","link":"http:\/\/valeur-relation-sociale.com\/?page_id=57","title":{"rendered":"OP\u00c9RATIONNEL"},"content":{"rendered":"\n<p style=\"text-align:center\">Axe <strong>OPERATIONNEL<\/strong> : <br><a href=\"http:\/\/wordpress.agc-fc.com\/?page_id=42\" target=\"_blank\" rel=\"noreferrer noopener\" aria-label=\"Conseil, Accompagnement, Intervention (s\u2019ouvre dans un nouvel onglet)\">Conseil, Accompagnement, Intervention<\/a><\/p>\n\n\n\n<p>L&rsquo;axe <strong>OPERATIONNEL<\/strong> vise \u00e0 mettre en action concr\u00e8te sur le terrain les \u00e9l\u00e9ments m\u00e9thodologiques d\u00e9velopp\u00e9s dans le cadre des travaux autour de la relation sociale.<br>\u00c0 ce jour, la dimension op\u00e9rationnelle est assur\u00e9e par le cabinet <a href=\"http:\/\/wordpress.agc-fc.com\" target=\"_blank\" rel=\"noreferrer noopener\" aria-label=\" (s\u2019ouvre dans un nouvel onglet)\">A.G.C. &#8211; Formation Conseil<\/a>.<\/p>\n\n\n\n<ul><li>En <u><strong>amont de la tension<\/strong><\/u>, il s&rsquo;agit de faire le point sur l&rsquo;\u00e9tat de la situation, \u00e0 travers un diagnostic, afin de l&rsquo;<strong>anticiper<\/strong> et d&rsquo;en <strong>pr\u00e9venir<\/strong> la tensions et ses cons\u00e9quences. Cela peut prendre la forme d&rsquo;accompagnement du management et du d\u00e9veloppement de la pratique manag\u00e9riale, d&rsquo;\u00e9valuation et du d\u00e9veloppement des pratiques et de la collaboration, de pr\u00e9paration et d&rsquo;accompagnement du changement&#8230;<\/li><li>En <strong><u>aval de la tension<\/u><\/strong>, il s&rsquo;agit de <strong>remobiliser<\/strong> les acteurs \u00e0 travers l&rsquo;<strong>analyse<\/strong> es m\u00e9canismes ayant conduit \u00e0 la crise pour <strong>r\u00e9soudre<\/strong> et <strong>valoriser<\/strong> durablement la tension. Il convient ici de faire le point sur ses cons\u00e9quences, sur les enjeux et sur les potentiels pour \u00e9tablir un nouveau projet vers lequel repartir, \u00e0 partir duquel reconstruire la relation, la collaboration, les pratiques&#8230;<\/li><li>Pendant <strong><u>le pic de la tension<\/u><\/strong>, il s&rsquo;agit de <strong>s\u00e9curiser<\/strong> la relation et de r\u00e9tablir une <strong>communication de transition<\/strong> qui permettra de <strong>canaliser<\/strong> les \u00e9nergies et les \u00e9motions, afin de ramener les acteurs dans des dispositions rationnelles, constructives et collaboratives. Il convient ici de stabiliser la tension, de la canaliser pour lui permettre de se lib\u00e9rer de mani\u00e8re constructive et de recouvrer la disponibilit\u00e9 de chacun des acteurs.<\/li><\/ul>\n\n\n\n<p><\/p>\n","protected":false},"excerpt":{"rendered":"<p>Axe OPERATIONNEL : Conseil, Accompagnement, Intervention L&rsquo;axe OPERATIONNEL vise \u00e0 mettre en action concr\u00e8te sur le terrain les \u00e9l\u00e9ments m\u00e9thodologiques d\u00e9velopp\u00e9s dans le cadre des travaux autour de la relation sociale.\u00c0 ce jour, la dimension op\u00e9rationnelle est assur\u00e9e par le cabinet A.G.C. &#8211; Formation Conseil. En amont de la tension, [&hellip;]<\/p>\n","protected":false},"author":1,"featured_media":0,"parent":0,"menu_order":0,"comment_status":"closed","ping_status":"closed","template":"","meta":[],"_links":{"self":[{"href":"http:\/\/valeur-relation-sociale.com\/index.php?rest_route=\/wp\/v2\/pages\/57"}],"collection":[{"href":"http:\/\/valeur-relation-sociale.com\/index.php?rest_route=\/wp\/v2\/pages"}],"about":[{"href":"http:\/\/valeur-relation-sociale.com\/index.php?rest_route=\/wp\/v2\/types\/page"}],"author":[{"embeddable":true,"href":"http:\/\/valeur-relation-sociale.com\/index.php?rest_route=\/wp\/v2\/users\/1"}],"replies":[{"embeddable":true,"href":"http:\/\/valeur-relation-sociale.com\/index.php?rest_route=%2Fwp%2Fv2%2Fcomments&post=57"}],"version-history":[{"count":5,"href":"http:\/\/valeur-relation-sociale.com\/index.php?rest_route=\/wp\/v2\/pages\/57\/revisions"}],"predecessor-version":[{"id":225,"href":"http:\/\/valeur-relation-sociale.com\/index.php?rest_route=\/wp\/v2\/pages\/57\/revisions\/225"}],"wp:attachment":[{"href":"http:\/\/valeur-relation-sociale.com\/index.php?rest_route=%2Fwp%2Fv2%2Fmedia&parent=57"}],"curies":[{"name":"wp","href":"https:\/\/api.w.org\/{rel}","templated":true}]}}

OPÉRATIONNEL

<p style="text-align:center">Axe <strong>OPERATIONNEL</strong> : <br><a href="http://wordpress.agc-fc.com/?page_id=42" target="_blank" rel="noreferrer noopener" aria-label="Conseil, Accompagnement, Intervention (s’ouvre dans un nouvel onglet)">Conseil, Accompagnement, Intervention</a></p>



<p>L&rsquo;axe <strong>OPERATIONNEL</strong> vise à mettre en action concrète sur le terrain les éléments méthodologiques développés dans le cadre des travaux autour de la relation sociale.<br>À ce jour, la dimension opérationnelle est assurée par le cabinet <a href="http://wordpress.agc-fc.com" target="_blank" rel="noreferrer noopener" aria-label=" (s’ouvre dans un nouvel onglet)">A.G.C. &#8211; Formation Conseil</a>.</p>



<ul><li>En <u><strong>amont de la tension</strong></u>, il s&rsquo;agit de faire le point sur l&rsquo;état de la situation, à travers un diagnostic, afin de l&rsquo;<strong>anticiper</strong> et d&rsquo;en <strong>prévenir</strong> la tensions et ses conséquences. Cela peut prendre la forme d&rsquo;accompagnement du management et du développement de la pratique managériale, d&rsquo;évaluation et du développement des pratiques et de la collaboration, de préparation et d&rsquo;accompagnement du changement&#8230;</li><li>En <strong><u>aval de la tension</u></strong>, il s&rsquo;agit de <strong>remobiliser</strong> les acteurs à travers l&rsquo;<strong>analyse</strong> es mécanismes ayant conduit à la crise pour <strong>résoudre</strong> et <strong>valoriser</strong> durablement la tension. Il convient ici de faire le point sur ses conséquences, sur les enjeux et sur les potentiels pour établir un nouveau projet vers lequel repartir, à partir duquel reconstruire la relation, la collaboration, les pratiques&#8230;</li><li>Pendant <strong><u>le pic de la tension</u></strong>, il s&rsquo;agit de <strong>sécuriser</strong> la relation et de rétablir une <strong>communication de transition</strong> qui permettra de <strong>canaliser</strong> les énergies et les émotions, afin de ramener les acteurs dans des dispositions rationnelles, constructives et collaboratives. Il convient ici de stabiliser la tension, de la canaliser pour lui permettre de se libérer de manière constructive et de recouvrer la disponibilité de chacun des acteurs.</li></ul>



<p></p>

<p>Axe OPERATIONNEL : Conseil, Accompagnement, Intervention L&rsquo;axe OPERATIONNEL vise à mettre en action concrète sur le terrain les éléments méthodologiques développés dans le cadre des travaux autour de la relation sociale.À ce jour, la dimension opérationnelle est assurée par le cabinet A.G.C. &#8211; Formation Conseil. En amont de la tension, [&hellip;]</p>
