{"id":55,"date":"2019-03-01T10:30:33","date_gmt":"2019-03-01T10:30:33","guid":{"rendered":"http:\/\/valeur-relation-sociale.com\/?page_id=55"},"modified":"2019-03-04T16:38:45","modified_gmt":"2019-03-04T16:38:45","slug":"recherche","status":"publish","type":"page","link":"http:\/\/valeur-relation-sociale.com\/?page_id=55","title":{"rendered":"RECHERCHE"},"content":{"rendered":"\n<p>Axe <strong>RECHERCHE<\/strong> : D\u00e9marche de recherche, Base de capitalisation<br><em>(Les th\u00e8mes qui n\u2019ont pas encore de lien sont en construction)<\/em><\/p>\n\n\n\n<p>L&rsquo;axe <strong>RECHERCHE<\/strong> permet de <strong>traiter<\/strong> les informations et observations collect\u00e9es \u00e0 travers les actions op\u00e9rationnelles et p\u00e9dagogiques, afin de <strong>d\u00e9velopper<\/strong> les mod\u00e8les, de les <strong>\u00e9prouver<\/strong> et de les <strong>am\u00e9liorer<\/strong> en continue.<br>Les \u00e9l\u00e9ments sont collect\u00e9s et conserv\u00e9s \u00e0 travers diff\u00e9rents dispositifs, notamment une base de capitalisation qui compte plus d&rsquo;une centaine de cas mod\u00e9lis\u00e9s. Cette base est en cours de traitement.<br>A ce jour, ce sont <strong>plus de 700 cas<\/strong> de conflits ou de situations de tension qui alimentent et l\u00e9gitiment ce travail, dans tous les univers professionnels, \u00e0 tous les \u00e9tages hi\u00e9rarchiques, dans des structures de toutes tailles, \u00e0 travers toute la France, mais aussi en Suisse.<br><br>La d\u00e9marche de recherche est fond\u00e9e sur :<\/p>\n\n\n\n<ul><li><strong><u>La recherche action<\/u><\/strong> : il s&rsquo;agit de mettre en lien constant le contenu m\u00e9thodologique et la r\u00e9alit\u00e9 op\u00e9rationnelle, en confrontant chaque avanc\u00e9e \u00e0 l&rsquo;exp\u00e9rimentation sur les diff\u00e9rents terrains ouverts par les axes op\u00e9rationnels et p\u00e9dagogiques.<\/li><li><strong><u>L&rsquo;am\u00e9lioration continue<\/u><\/strong> : la confrontation permanente des mod\u00e8les th\u00e9oriques \u00e0 la r\u00e9alit\u00e9 op\u00e9rationnelle permet non seulement de garder les mod\u00e8les m\u00e9thodologiques et le champ s\u00e9mantique \u00e0 jour, mais aussi de les faire progresser en fonction des confrontations avec le terrain et ceux qui le vivent.<\/li><\/ul>\n\n\n\n<p><\/p>\n\n\n\n<p>Page en cours de construction.<br>Revenez bient\u00f4t !<\/p>\n","protected":false},"excerpt":{"rendered":"<p>Axe RECHERCHE : D\u00e9marche de recherche, Base de capitalisation(Les th\u00e8mes qui n\u2019ont pas encore de lien sont en construction) L&rsquo;axe RECHERCHE permet de traiter les informations et observations collect\u00e9es \u00e0 travers les actions op\u00e9rationnelles et p\u00e9dagogiques, afin de d\u00e9velopper les mod\u00e8les, de les \u00e9prouver et de les am\u00e9liorer en continue.Les [&hellip;]<\/p>\n","protected":false},"author":1,"featured_media":0,"parent":0,"menu_order":0,"comment_status":"closed","ping_status":"closed","template":"","meta":[],"_links":{"self":[{"href":"http:\/\/valeur-relation-sociale.com\/index.php?rest_route=\/wp\/v2\/pages\/55"}],"collection":[{"href":"http:\/\/valeur-relation-sociale.com\/index.php?rest_route=\/wp\/v2\/pages"}],"about":[{"href":"http:\/\/valeur-relation-sociale.com\/index.php?rest_route=\/wp\/v2\/types\/page"}],"author":[{"embeddable":true,"href":"http:\/\/valeur-relation-sociale.com\/index.php?rest_route=\/wp\/v2\/users\/1"}],"replies":[{"embeddable":true,"href":"http:\/\/valeur-relation-sociale.com\/index.php?rest_route=%2Fwp%2Fv2%2Fcomments&post=55"}],"version-history":[{"count":6,"href":"http:\/\/valeur-relation-sociale.com\/index.php?rest_route=\/wp\/v2\/pages\/55\/revisions"}],"predecessor-version":[{"id":138,"href":"http:\/\/valeur-relation-sociale.com\/index.php?rest_route=\/wp\/v2\/pages\/55\/revisions\/138"}],"wp:attachment":[{"href":"http:\/\/valeur-relation-sociale.com\/index.php?rest_route=%2Fwp%2Fv2%2Fmedia&parent=55"}],"curies":[{"name":"wp","href":"https:\/\/api.w.org\/{rel}","templated":true}]}}