{"id":226,"date":"2019-04-18T17:24:48","date_gmt":"2019-04-18T17:24:48","guid":{"rendered":"http:\/\/valeur-relation-sociale.com\/?page_id=226"},"modified":"2019-04-18T17:30:40","modified_gmt":"2019-04-18T17:30:40","slug":"mentions-legales","status":"publish","type":"page","link":"http:\/\/valeur-relation-sociale.com\/?page_id=226","title":{"rendered":"Mentions l\u00e9gales"},"content":{"rendered":"\n<p style=\"text-align:center\" class=\"has-small-font-size\">Le site valeur-relation-sociale.com est r\u00e9alis\u00e9 par Gwena\u00ebl FAUCHER pour le cabinet AGC Formation Conseil, <br><\/p>\n\n\n\n<p style=\"font-size:11px;text-align:center\">79 avenue de la Cour de France, 91260, <br>Juvisy sur Orge.<br>SIRET : 49168544200023<br>Courriel : contact[arobase]agc-fc.com<\/p>\n\n\n\n<p style=\"text-align:center\" class=\"has-small-font-size\">Tous les contenus, hors mod\u00e8les mis \u00e0 disposition par WordPress, sont et restent la propri\u00e9t\u00e9 de Gwena\u00ebl FAUCHER et\/ou AGC Formation Conseil.<\/p>\n\n\n\n<p style=\"text-align:center\" class=\"has-small-font-size\">A notre connaissance, nous ne collectons aucune donn\u00e9e personnelle ni aucun cookie. Si vous en trouvez, merci de nous informer par le formulaire de contact.<br>La d\u00e9marche RGPD est sous trait\u00e9e par <a href=\"https:\/\/www.strato.fr\/\">Strato, h\u00e9bergeur web<\/a>.<\/p>\n\n\n\n<p style=\"font-size:11px;text-align:center\">STRATO AG<br>Soci\u00e9t\u00e9 Anonyme bas\u00e9e Pascalstra\u00dfe 10, 10587 Berlin, Allemagne<br>Fax: 0825 742 360<br>E-mail : Veuillez contacter notre&nbsp;<a rel=\"noreferrer noopener\" target=\"_blank\" href=\"http:\/\/www.strato.fr\/service-client\/\">Service Client<br><\/a>Registre du commerce : Berlin Charlottenburg HRB 79450<br>N\u00b0 de TVA intracommunautaire : DE 211 045 709<br>Directeur de la publication : Dr. Christian B\u00f6ing<\/p>\n","protected":false},"excerpt":{"rendered":"<p>Le site valeur-relation-sociale.com est r\u00e9alis\u00e9 par Gwena\u00ebl FAUCHER pour le cabinet AGC Formation Conseil, 79 avenue de la Cour de France, 91260, Juvisy sur Orge.SIRET : 49168544200023Courriel : contact[arobase]agc-fc.com Tous les contenus, hors mod\u00e8les mis \u00e0 disposition par WordPress, sont et restent la propri\u00e9t\u00e9 de Gwena\u00ebl FAUCHER et\/ou AGC Formation [&hellip;]<\/p>\n","protected":false},"author":1,"featured_media":0,"parent":195,"menu_order":0,"comment_status":"closed","ping_status":"closed","template":"","meta":[],"_links":{"self":[{"href":"http:\/\/valeur-relation-sociale.com\/index.php?rest_route=\/wp\/v2\/pages\/226"}],"collection":[{"href":"http:\/\/valeur-relation-sociale.com\/index.php?rest_route=\/wp\/v2\/pages"}],"about":[{"href":"http:\/\/valeur-relation-sociale.com\/index.php?rest_route=\/wp\/v2\/types\/page"}],"author":[{"embeddable":true,"href":"http:\/\/valeur-relation-sociale.com\/index.php?rest_route=\/wp\/v2\/users\/1"}],"replies":[{"embeddable":true,"href":"http:\/\/valeur-relation-sociale.com\/index.php?rest_route=%2Fwp%2Fv2%2Fcomments&post=226"}],"version-history":[{"count":3,"href":"http:\/\/valeur-relation-sociale.com\/index.php?rest_route=\/wp\/v2\/pages\/226\/revisions"}],"predecessor-version":[{"id":231,"href":"http:\/\/valeur-relation-sociale.com\/index.php?rest_route=\/wp\/v2\/pages\/226\/revisions\/231"}],"up":[{"embeddable":true,"href":"http:\/\/valeur-relation-sociale.com\/index.php?rest_route=\/wp\/v2\/pages\/195"}],"wp:attachment":[{"href":"http:\/\/valeur-relation-sociale.com\/index.php?rest_route=%2Fwp%2Fv2%2Fmedia&parent=226"}],"curies":[{"name":"wp","href":"https:\/\/api.w.org\/{rel}","templated":true}]}}